30 and b?
15
Let j be ((-28)/(-12))/((-1)/3) - (8 + -402). Calculate the greatest common factor of 516 and j.
129
Suppose 495*u = 25293 + 45987. Let q be 1/(-4) - (-898)/8. What is the greatest common factor of u and q?
16
Suppose 0 = -w + 3 + 1. Suppose 11*m + 2 = 35. Suppose -w*s - z - z + 150 = 0, -m*s - z + 110 = 0. Calculate the highest common factor of 5 and s.
5
Let b(y) = -11*y. Let d be b(-1). Let u = d - -2. Suppose 0 = -2465*c + 578*c - 469*c + 30628. What is the highest common factor of u and c?
13
Suppose -63*h = -1816 - 3224. What is the highest common divisor of h and 304?
16
Suppose d - 3*d + 2*n = -32, 3*d + n = 28. Suppose -30 = -d*b + 300. Let o = 402 + -72. Calculate the highest common factor of b and o.
30
Let c be ((-14)/5)/(424/(-8480)). What is the greatest common factor of c and 882?
14
Suppose 0 = 7*m + 234 - 276. Let a be 20/60*(-2*m)/(-2). Let y be (2 + -3)/((-3)/6). What is the greatest common divisor of y and a?
2
Let d = -180 - -201. Let p(a) = a**2 + 4*a - 2. Let j be p(-6). Suppose 7*i = j*i - d. Calculate the greatest common divisor of 56 and i.
7
Let a(r) = 27*r**2 + 86*r. Let n be a(-4). What is the greatest common factor of n and 1353?
11
Suppose y + a - 11 - 98 = 0, 4*y = a + 461. Suppose -f = 4*u - 22, 0 = 2*u + 3*f - 0*f - 6. What is the greatest common divisor of u and y?
6
Suppose 5*m = -650 + 110. Let f = m + 176. Let q = -5843 + 5860. Calculate the highest common divisor of f and q.
17
Suppose -5*d + 25 = -355. Let f = -278009 - -278017. What is the highest common factor of f and d?
4
Let h be (2 + 1 - 1) + 0. Let n = 663 + -609. What is the highest common divisor of n and h?
2
Suppose 4*j = 3*y + 684, -5*y - 207 = 4*j - 827. What is the greatest common factor of 6 and j?
3
Let k be (-25)/30 + (-87)/(-18). Calculate the greatest common divisor of k and 313.
1
Let b = -164 - -167. Suppose b*o - 7*o + 520 = 0. Let t be 8/(-6)*624/(-32). Calculate the highest common factor of t and o.
26
Suppose -16*b = 6*b - 1518. Calculate the greatest common factor of b and 575.
23
Let v be -54*80/(-1080) - 1*(-40 + -1). What is the highest common factor of 1230 and v?
15
Suppose 3*z - 4*d - 588 = -0*d, 388 = 2*z - 4*d. Let t = z + -120. Calculate the greatest common divisor of t and 5.
5
Let b be (-27)/(25/(-30) - ((-2516)/528 + 4)). Calculate the highest common factor of 612 and b.
36
Let f = 72 + -19. Suppose 2*u - 10 = 3*b, -2*b - 7*u = -6*u - 5. Suppose b = 4*d - 23 - f. Calculate the highest common factor of 19 and d.
19
Let y = 64 - 8. Let z(c) = 6*c - 23. Let n be (1 - -2)*((-14)/6 - -4). Let d be z(n). Calculate the highest common factor of d and y.
7
Let o = 51457 + -51402. Suppose c - 330 = -c. What is the highest common factor of o and c?
55
Suppose 3*h - 1818 = -1650. What is the greatest common factor of h and 742?
14
Suppose -4*a + 2*i = -120, -6*i - 76 = -3*a - i. Let x(h) = h**2 + 7*h - 166. Let p be x(10). Calculate the highest common factor of a and p.
4
Suppose 3*s = -5 + 32. Let p be s/((-27)/(-6)) - 136/2. Let z = 2 - p. Calculate the greatest common factor of z and 17.
17
Suppose 47*g - 305 = -14*g. Suppose g*u = 5*c - c - 39, -2*c = 4*u. What is the highest common divisor of c and 246?
6
Let u(i) = -4*i + 197. Let x be u(45). Let a be 6/(30/35) + x. What is the highest common factor of a and 1176?
24
Let z = -40726 + 60258. What is the greatest common divisor of 76 and z?
76
Let p be 103/(-21) + (-26)/273 + 70. Let n = 85 - p. Calculate the highest common factor of n and 15.
5
Suppose -3*h - 4 = d, d - h = -3*d + 36. Let o(u) = -58 - 393*u + 840*u - 416*u. Let t be o(2). What is the greatest common divisor of d and t?
4
Suppose 4*x = -16, -v + 3 = -4*x - 28. Let t(p) = -81*p - 13. Let h be t(9). Let w be h/(-49) - 1/7. Calculate the greatest common factor of w and v.
15
Let w = -176 + 122. Let q be (-20)/(-45) - 2244/w. Suppose 0*o - 3*o + 84 = 0. What is the highest common factor of q and o?
14
Suppose 0*o - o = 0. Let y be (-50592)/72*9/(-6). Suppose -y = -3*m - t, -5*m - t + 3*t + 1764 = o. What is the greatest common divisor of m and 32?
32
Let o(w) = 4 + 10*w + 11*w**2 + 5 - 7*w - 9*w. Let d be o(3). Suppose 4*z - 150 = -5*u, 4*z + 17 = -3*u + 107. What is the greatest common factor of u and d?
30
Suppose 2*q + 12*x - 24 = 13*x, 2*x = -4*q + 32. Suppose -g - g + 3*u + 1553 = 0, 2*u = q. Calculate the greatest common factor of g and 56.
56
Suppose -2*d = -3*c + 4, -c + d + 6 = 5*d. Suppose c*b = -w + 57, 4*w = -2*b + w + 67. Calculate the greatest common divisor of 234 and b.
26
Let n(v) = -v**2 - 49*v - 220. Let d be n(-19). What is the highest common divisor of d and 110?
10
Let p(x) = 2*x**2 + 11*x + 16. Let b be p(-2). Let c = b - -1. Suppose -m + 3 + c = 0. What is the greatest common factor of m and 3?
3
Let d be ((-2)/(-6))/(7/168). Let v = -4 + -16. Let q be (72/(-20))/(3/v). What is the greatest common factor of d and q?
8
Let g = -579 - -598. Calculate the greatest common factor of g and 11419.
19
Suppose 2*s = -3*a - 75 - 31, 3*s - 49 = 2*a. Let q be 0/(((-8)/a)/(2/(-8))). Suppose 100 + q = 5*o. What is the greatest common divisor of 15 and o?
5
Suppose 618*j - 613*j = -930. Let w be (-28241)/j + 1*(-2)/(-12). What is the highest common factor of 114 and w?
38
Suppose 5*x - 31 = -1. Let b = 717 + -150. Let i be b/49 - 6/(-14). What is the greatest common divisor of i and x?
6
Let j be ((-580855)/5370)/(15/18 + -1). Let g = -2 + 24. What is the greatest common divisor of j and g?
11
Let z(w) = -w**2 - 12*w + 6. Let j be z(-10). What is the highest common divisor of j and 3991?
13
Suppose 72*v - 32607 = -26738 + 83051. Calculate the greatest common factor of 260 and v.
65
Let g be 32/(-24)*18/(-12). What is the greatest common divisor of 562 and g?
2
Suppose -125*g + 120*g - c = -6158, 0 = -5*c - 10. Calculate the greatest common factor of 224 and g.
112
Let v(z) = 193*z**2 - 14*z + 37. Let w be v(6). Calculate the highest common factor of 335 and w.
67
Let q be -5 + (-1 - 0) + 148 + -1. Let p = q - 132. What is the greatest common factor of 225 and p?
9
Let q(n) = -78*n - 543. Let z(s) = 39*s + 272. Let t(j) = -3*q(j) - 5*z(j). Let l be t(-6). Let y = -5 + 12. What is the highest common divisor of l and y?
7
Let o = -12 + 80. Let q = o - 65. Let g be (-2)/(q*3/(-45)). Calculate the greatest common divisor of 50 and g.
10
Let m = -42 - -61. Let n = 411 + 406. Calculate the highest common divisor of m and n.
19
Let g be (-1694)/5 - -6*30/225. Let s = -278 - g. Let f be (3/4)/((-1)/(-16)). What is the greatest common factor of s and f?
12
Let t(h) = -16*h + 139. Suppose 9*c = 158 - 86. Let d be t(c). Calculate the greatest common divisor of d and 187.
11
Let h be (86 - 1) + 3/1. Let f = -9 + -23. Let t = 40 + f. Calculate the greatest common divisor of t and h.
8
Let o be 0 - (0 - 364) - 3000/1000. What is the greatest common divisor of 2983 and o?
19
Let l be (26/6)/((-4)/12). Let f(q) = q**2 + 15*q + 45. Let z be f(l). Calculate the greatest common divisor of 57 and z.
19
Suppose 784 = -349*s + 356*s. Suppose s = 2*p + 3*m - 5*m, -16 = 4*m. Calculate the greatest common divisor of p and 4.
4
Let o(i) = 3*i**2 + 77*i + 27. Let s be o(-26). What is the highest common factor of s and 477?
53
Let x(g) = 31*g + 85. Let t be x(-5). Let s = 646 + t. Calculate the greatest common factor of s and 64.
64
Suppose 144431 - 26431 = 80*c. Calculate the greatest common divisor of c and 413.
59
Let p(a) = -a - 24. Let y be p(-28). Suppose 168 = 6*v - y*v. What is the highest common divisor of 48 and v?
12
Let z be (190/(-133))/(-1)*35*1. What is the greatest common divisor of z and 1770?
10
Let u be ((13 - -13) + 394)*(-4)/(-10). What is the highest common factor of 154 and u?
14
Let q be 0 + 0/(-2) + 28. Suppose -16*v = -3*v - 208. Let r be 2624/v + (-8)/(-2). Calculate the greatest common divisor of q and r.
28
Let w(f) = -f**3 + 36*f**2 - 30*f + 2. Let u be w(6). What is the highest common divisor of u and 22?
22
Suppose 2*m = -2*d - 114, -2*d - m + 274 = 382. Suppose 3*s - 2*z = -61, 2*z + 23 = -s - 0*z. Let k = s - d. Calculate the highest common factor of k and 6.
6
Let a(g) = 25*g**2 + 2*g + 3. Let q be a(3). Suppose 17*c - 9 = x + 24*c, -x + 4*c + 46 = 0. What is the greatest common 